1274.
2, 257, 9341
List the prime factors of 2116824.
2, 3, 193, 457
What are the prime factors of 738941?
7, 105563
List the prime factors of 410668.
2, 102667
List the prime factors of 647704.
2, 80963
List the prime factors of 2239234.
2, 23, 48679
What are the prime factors of 1058494?
2, 157, 3371
What are the prime factors of 7470720?
2, 3, 5, 1297
List the prime factors of 12354915.
3, 5, 199, 4139
List the prime factors of 403818.
2, 3, 17, 37, 107
What are the prime factors of 10526066?
2, 5263033
What are the prime factors of 2127895?
5, 7, 11, 5527
List the prime factors of 349493.
349493
List the prime factors of 233334.
2, 3, 29, 149
List the prime factors of 46741.
43, 1087
List the prime factors of 10232699.
47, 217717
List the prime factors of 8372.
2, 7, 13, 23
List the prime factors of 317946.
2, 3, 19, 2789
What are the prime factors of 3614912?
2, 7, 8069
What are the prime factors of 132165?
3, 5, 11, 89
What are the prime factors of 3081832?
2, 13, 29633
List the prime factors of 6179324.
2, 1544831
List the prime factors of 324074.
2, 31, 5227
What are the prime factors of 324361?
324361
List the prime factors of 17592183.
3, 7, 29, 9629
List the prime factors of 5141237.
5141237
What are the prime factors of 877056?
2, 3, 571
What are the prime factors of 3261738?
2, 3, 179, 3037
List the prime factors of 1754221.
7, 131, 1913
List the prime factors of 421824.
2, 3, 13
List the prime factors of 1321685.
5, 31, 8527
List the prime factors of 10685034.
2, 3, 65957
List the prime factors of 236041.
13, 67, 271
What are the prime factors of 178105?
5, 179, 199
What are the prime factors of 695644?
2, 61, 2851
List the prime factors of 41090.
2, 5, 7, 587
List the prime factors of 194690.
2, 5, 19469
What are the prime factors of 3855932?
2, 61, 15803
What are the prime factors of 833045?
5, 166609
What are the prime factors of 229449?
3, 11, 17, 409
What are the prime factors of 34070?
2, 5, 3407
What are the prime factors of 7530752?
2, 23, 1279
What are the prime factors of 1539644?
2, 37, 101, 103
What are the prime factors of 3815221?
3815221
What are the prime factors of 38736368?
2, 11, 97, 2269
List the prime factors of 427308.
2, 3, 7, 5087
What are the prime factors of 6621774?
2, 3, 1103629
What are the prime factors of 817201?
7, 11, 10613
What are the prime factors of 3404798?
2, 263, 6473
List the prime factors of 357248.
2, 2791
What are the prime factors of 5433299?
157, 34607
List the prime factors of 2545263.
3, 7, 67
List the prime factors of 1281991.
683, 1877
What are the prime factors of 926601?
3, 13, 23, 1033
What are the prime factors of 233287?
79, 2953
What are the prime factors of 1715955?
3, 5, 139, 823
List the prime factors of 9633709.
653, 14753
What are the prime factors of 4370936?
2, 546367
List the prime factors of 404175.
3, 5, 17, 317
What are the prime factors of 5582810?
2, 5, 167, 3343
List the prime factors of 1248759.
3, 89, 1559
What are the prime factors of 170589?
3, 101, 563
What are the prime factors of 278186?
2, 367, 379
What are the prime factors of 4105247?
23, 178489
What are the prime factors of 323231?
43, 7517
List the prime factors of 16434120.
2, 3, 5, 136951
What are the prime factors of 375997?
375997
List the prime factors of 406060.
2, 5, 79, 257
What are the prime factors of 2059047?
3, 76261
List the prime factors of 666026.
2, 17, 19, 1031
List the prime factors of 350339.
11, 31849
List the prime factors of 640961.
281, 2281
List the prime factors of 1519964.
2, 43, 8837
List the prime factors of 30338.
2, 7, 11, 197
What are the prime factors of 255684?
2, 3, 11, 13, 149
List the prime factors of 16822719.
3, 1869191
What are the prime factors of 2960490?
2, 3, 5, 13, 7591
List the prime factors of 155005.
5, 29, 1069
What are the prime factors of 73365?
3, 5, 67, 73
List the prime factors of 1968275.
5, 131, 601
List the prime factors of 36938.
2, 11, 23, 73
What are the prime factors of 1874541?
3, 624847
What are the prime factors of 607291?
17, 139, 257
What are the prime factors of 3739561?
7, 19, 31, 907
What are the prime factors of 11699163?
3, 7, 233, 797
List the prime factors of 19427267.
307, 63281
What are the prime factors of 2476287?
3, 11, 25013
List the prime factors of 16495767.
3, 1832863
What are the prime factors of 13225344?
2, 3, 11, 31, 101
List the prime factors of 195620.
2, 5, 9781
What are the prime factors of 596631?
3, 7, 28411
List the prime factors of 124723.
191, 653
List the prime factors of 1089051.
3, 363017
List the prime factors of 3254642.
2, 79, 20599
What are the prime factors of 3013054?
2, 11, 151, 907
What are the prime factors of 262619?
7, 37517
List the prime factors of 1156951.
31, 37321
List the prime factors of 851688.
2, 3, 3943
List the prime factors of 126625.
5, 1013
What are the prime factors of 3425940?
2, 3, 5, 7, 2719
What are the prime factors of 1108206?
2, 3, 11, 29, 193
What are the prime factors of 234140?
2, 5, 23, 509
What are the prime factors of 607115?
5, 29, 53, 79
What are the prime factors of 543956?
2, 7, 19427
List the prime factors of 360572.
2, 109, 827
List the prime factors of 14872506.
2, 3, 11, 225341
List the prime factors of 790362.
2, 3, 19, 2311
What are the prime factors of 12321924?
2, 3, 977, 1051
List the prime factors of 7569458.
2, 13, 347, 839
List the prime factors of 6546878.
2, 13, 53, 4751
What are the prime factors of 1765932?
2, 3, 7, 21023
List the prime factors of 63459.
3, 11, 641
What are the prime factors of 11789482?
2, 43, 137087
List the prime factors of 136493.
7, 17, 31, 37
What are the prime factors of 2497514?
2, 1248757
List the prime factors of 6359074.
2, 1093, 2909
What are the prime factors of 2145319?
11, 195029
What are the prime factors of 7272422?
2, 3636211
What are the prime factors of 1909163?
37, 51599
What are the prime factors of 208414?
2, 104207
What are the prime factors of 38153986?
2, 13, 43, 34127
What are the prime factors of 159256?
2, 17, 1171
List the prime factors of 43640.
2, 5, 1091
List the prime factors of 6254726.
2, 131, 23873
What are the prime factors of 18255288?
2, 3, 760637
List the prime factors of 417511.
417511
What are the prime factors of 10087832?
2, 1260979
List the prime factors of 1852771.
1852771
List the prime factors of 4601453.
4601453
List the prime factors of 4083675.
3, 5, 54449
What are the prime factors of 216314?
2, 7, 15451
What are the prime factors of 1760912?
2, 157, 701
What are the prime factors of 1941912?
2, 3, 7, 3853
What are the prime factors of 1968974?
2, 7, 17, 8273
List the prime factors of 23565394.
2, 31, 373, 1019
What are the prime factors of 23751104?
2, 13, 28547
What are the prime factors of 39015?
3, 5, 17
List the prime factors of 353431.
13, 31, 877
What are the prime factors of 10414139?
10414139
List the prime factors of 6989086.
2, 13, 268811
What are the prime factors of 260730?
2, 3, 5, 2897
What are the prime factors of 697710?
2, 3, 5, 13, 1789
List the prime factors of 22694493.
3, 19, 398149
What are the prime factors of 876037?
53, 16529
What are the prime factors of 304550?
2, 5, 6091
List the prime factors of 172382.
2, 7, 1759
List the prime factors of 440954.
2, 47, 4691
What are the prime factors of 1000235?
5, 251, 797
List the prime factors of 31783862.
2, 11, 67, 21563
What are the prime factors of 20009069?
89, 383, 587
List the prime factors of 953115.
3, 5, 63541
What are the prime factors of 20384952?
2, 3, 7, 71, 1709
List the prime factors of 458524.
2, 11, 17, 613
What are the prime factors of 5171823?
3, 31, 37, 167
List the prime factors of 654631.
197, 3323
What are the prime factors of 2931719?
7, 19, 47, 67
List the prime factors of 738078.
2, 3, 11, 53, 211
What are the prime factors of 268784?
2, 107, 157
What are the prime factors of 150245?
5, 151, 199
What are the prime factors of 12674326?
2, 7, 173, 5233
What are the prime factors of 6948004?
2, 7, 35449
What are the prime factors of 21102?
2, 3, 3517
What are the prime factors of 416364?
2, 3, 13, 17, 157
What are the prime factors of 1308945?
3, 5, 11, 7933
List the prime factors of 197007.
3, 97, 677
List the prime factors of 2163530.
2, 5, 19, 59, 193
List the prime factors of 1